 factors of 47542994?
2, 3041, 7817
List the prime factors of 8465340.
2, 3, 5, 13, 10853
List the prime factors of 59482349.
41, 89, 16301
List the prime factors of 805925215.
5, 47, 79, 43411
List the prime factors of 49280166.
2, 3, 13, 210599
List the prime factors of 257848708.
2, 13, 37, 61
List the prime factors of 28692361.
853, 33637
What are the prime factors of 8271442?
2, 4135721
List the prime factors of 292079935.
5, 7, 73, 2333
What are the prime factors of 151213?
151213
What are the prime factors of 2478158750?
2, 5, 29, 137, 499
What are the prime factors of 24696622?
2, 53, 232987
List the prime factors of 52378500.
2, 3, 5, 34919
What are the prime factors of 609350021?
7, 87050003
What are the prime factors of 4066841820?
2, 3, 5, 3371, 20107
List the prime factors of 254469485.
5, 43, 1183579
List the prime factors of 1541910072.
2, 3, 1607, 39979
List the prime factors of 1990333465.
5, 398066693
What are the prime factors of 118119828?
2, 3, 53, 185723
List the prime factors of 2216022874.
2, 13, 191, 293, 1523
What are the prime factors of 284541586?
2, 7, 20324399
What are the prime factors of 7672175?
5, 7, 6263
List the prime factors of 45371972.
2, 31, 365903
What are the prime factors of 80260628?
2, 7, 61, 137
List the prime factors of 339309870.
2, 3, 5, 11310329
What are the prime factors of 449296889?
2593, 173273
List the prime factors of 1593594019.
277, 491, 11717
List the prime factors of 1036244591.
19, 2083, 26183
What are the prime factors of 678888058?
2, 339444029
What are the prime factors of 1142691323?
313, 1031, 3541
List the prime factors of 63807507.
3, 787747
List the prime factors of 85167488.
2, 7, 37, 367
List the prime factors of 7224955864.
2, 7, 107, 1205767
What are the prime factors of 347422960?
2, 5, 97, 44771
What are the prime factors of 222278743?
222278743
What are the prime factors of 2431994473?
43, 1699, 33289
List the prime factors of 1443869218.
2, 11, 181, 362599
List the prime factors of 212219585.
5, 17, 367, 6803
List the prime factors of 17077208.
2, 1279, 1669
What are the prime factors of 222179211?
3, 24686579
What are the prime factors of 33688147?
127, 265261
What are the prime factors of 222369020?
2, 5, 11118451
What are the prime factors of 31359169?
17, 43, 42899
List the prime factors of 2627627463.
3, 1559, 187273
List the prime factors of 1982551332.
2, 3, 23, 233, 30829
List the prime factors of 265271173.
265271173
What are the prime factors of 3098407555?
5, 47, 13184713
List the prime factors of 3763295425.
5, 150531817
What are the prime factors of 3553567700?
2, 5, 35535677
What are the prime factors of 731958939?
3, 81328771
List the prime factors of 56077286.
2, 53, 73, 7247
What are the prime factors of 2673087325?
5, 29, 1097, 3361
List the prime factors of 2268078578.
2, 751, 1510039
What are the prime factors of 64416148?
2, 97, 166021
What are the prime factors of 77547050?
2, 5, 7, 149, 1487
List the prime factors of 2459074177.
7, 10667, 32933
What are the prime factors of 68032902?
2, 3, 7, 1619831
List the prime factors of 164326745.
5, 11, 233, 12823
What are the prime factors of 573022259?
31, 233, 79333
What are the prime factors of 4414107?
3, 1213
List the prime factors of 569138514.
2, 3, 7, 29, 37, 73, 173
List the prime factors of 58239977.
17, 179, 19139
What are the prime factors of 297340829?
17, 43, 71, 337
What are the prime factors of 39231995?
5, 11, 713309
What are the prime factors of 2197197128?
2, 7, 1231, 31873
List the prime factors of 32939881.
13, 2533837
What are the prime factors of 410507695?
5, 13, 6315503
List the prime factors of 153633354.
2, 3, 7, 19, 79, 2437
What are the prime factors of 977533645?
5, 11, 311, 57149
What are the prime factors of 112773095?
5, 22554619
List the prime factors of 26048482.
2, 13024241
List the prime factors of 23563270.
2, 5, 23, 53, 1933
List the prime factors of 30024274.
2, 7, 59, 163, 223
What are the prime factors of 246577014?
2, 3, 4566241
What are the prime factors of 35214979?
43, 103, 7951
What are the prime factors of 144898855?
5, 103, 281357
What are the prime factors of 802119998?
2, 19, 1187, 17783
List the prime factors of 10977525.
3, 5, 13, 139
What are the prime factors of 193982462?
2, 73, 1328647
List the prime factors of 1823641378.
2, 13, 41, 523, 3271
What are the prime factors of 5680434?
2, 3, 53, 17863
What are the prime factors of 1210099626?
2, 3, 19, 149, 23747
List the prime factors of 169110943.
11743, 14401
What are the prime factors of 7861063228?
2, 17, 115603871
What are the prime factors of 415839897?
3, 11, 4200403
List the prime factors of 1524688749.
3, 2111, 80251
List the prime factors of 2787594989.
31, 7523, 11953
List the prime factors of 277009432.
2, 7, 641, 7717
List the prime factors of 87525513.
3, 647, 15031
What are the prime factors of 171269467?
113, 307, 4937
List the prime factors of 1265112366.
2, 3, 7, 30121723
What are the prime factors of 126544322?
2, 1663, 38047
List the prime factors of 4763655315.
3, 5, 41, 2581927
List the prime factors of 47452343.
59, 173, 4649
What are the prime factors of 1498221827?
1498221827
List the prime factors of 10737859.
11, 29, 41, 821
What are the prime factors of 157760632?
2, 2903, 6793
What are the prime factors of 549496020?
2, 3, 5, 9158267
What are the prime factors of 70710980?
2, 5, 257, 13757
What are the prime factors of 101282260?
2, 5, 17, 297889
List the prime factors of 777986350.
2, 5, 19, 593, 1381
List the prime factors of 1463525975.
5, 59, 151, 6571
What are the prime factors of 301402636?
2, 3719, 20261
List the prime factors of 1794637417.
1794637417
List the prime factors of 126473941.
11, 23, 499897
List the prime factors of 1419763443.
3, 7, 67607783
List the prime factors of 50193280.
2, 5, 78427
What are the prime factors of 12799466?
2, 31, 43, 4801
What are the prime factors of 29002259?
11, 13, 15601
What are the prime factors of 1105100221?
281, 3932741
List the prime factors of 33298929.
3, 31, 41, 71
What are the prime factors of 210535442?
2, 13, 8097517
What are the prime factors of 8175252032?
2, 7151, 17863
List the prime factors of 29648203.
13, 2280631
What are the prime factors of 859112355?
3, 5, 57274157
What are the prime factors of 1080658385?
5, 216131677
List the prime factors of 2013060395.
5, 23, 379, 46187
List the prime factors of 2924477078.
2, 71, 269, 76561
List the prime factors of 3815625383.
3815625383
What are the prime factors of 1125474696?
2, 3, 5210531
List the prime factors of 1010443155.
3, 5, 41, 1642997
What are the prime factors of 47350763?
17, 2785339
What are the prime factors of 491425330?
2, 5, 11, 31, 211, 683
What are the prime factors of 386253693?
3, 7, 37, 165703
List the prime factors of 104334867.
3, 7, 13, 18199
What are the prime factors of 212048359?
212048359
List the prime factors of 309831157.
19, 29, 562307
What are the prime factors of 945560008?
2, 118195001
What are the prime factors of 21314029?
11, 19, 73, 127
List the prime factors of 42471498.
2, 3, 19, 379, 983
What are the prime factors of 8958952?
2, 47, 23827
What are the prime factors of 24253049?
881, 27529
What are the prime factors of 249743331?
3, 29, 106319
What are the prime factors of 19458761?
7, 17, 101, 1619
List the prime factors of 2340433407.
3, 13, 60011113
List the prime factors of 11131879.
11, 197, 467
List the prime factors of 2091666126.
2, 3, 11, 1493, 21227
What are the prime factors of 3523495115?
5, 7, 61, 1650349
What are the prime factors of 433492273?
433492273
What are the prime factors of 56290717?
7, 53, 71, 2137
What are the prime factors of 1012011869?
11, 29, 3172451
What are the prime factors of 38807251?
7, 71, 113, 691
What are the prime factors of 1668275?
5, 7, 9533
What are the prime factors of 6685221610?
2, 5, 17, 31, 43, 29501
What are the prime factors of 118674484?
2, 17, 1745213
What are the prime factors of 11056557?
3, 3685519
What are the prime factors of 531515026?
2, 7, 31, 421, 2909
List the prime factors of 36524132.
2, 9131033
List the prime factors of 228321420.
2, 3, 5, 3805357
What are the prime factors of 79917735?
3, 5, 5327849
What are the prime factors of 63590956?
2, 11, 13, 1